k(0). Determine z(m).
7
Let q = 0 - 0. Let i(k) = 1 - 14*k**3 - k**2 + k + 0*k - 10*k**3 + 25*k**3. Let m(g) = -3*g**3 + 3*g**2 - 3*g + 9. Let s(j) = 2*i(j) + m(j). Give s(q).
11
Let f be 3*1 - 0/1. Let o(r) be the second derivative of -r**4/12 + r**3/6 - r**2/2 - 136*r + 8. Determine o(f).
-7
Let s(m) = -m**2 - 11*m + 3. Let a be s(-11). Let l(c) = 2 - a - 3*c + 5 - c**2. Let b = -19 - -14. Give l(b).
-6
Let k(m) = -m**3 + 5*m**2 - 7*m + 7. Let g(r) = -r**3 + 3*r**2 - 4*r + 4. Let t(q) = 7*g(q) - 4*k(q). Suppose -2*w = x, 3*w - 18 = 3*x - 27. Determine t(w).
4
Let t be ((-2)/(-6))/((-3)/45). Suppose -4*w + 3 = -1. Let y(h) = -h**2 + h - 1. Let r(i) = -i**3 - 9*i**2 + 6*i - 6. Let a(q) = w*r(q) - 4*y(q). What is a(t)?
-12
Let w(p) be the second derivative of -p**4/12 - 4*p**3/3 + p**2/2 - 9*p. Give w(-7).
8
Suppose -2*t + 8*j + 191 = 3*j, -5*t + j = -466. Let x = -97 + t. Let c(u) = -2*u. Calculate c(x).
8
Suppose -3*o + 8*o - 10 = 0. Let b(t) = 0*t**2 + 1 + 4*t - t**o - 4 + 2. Suppose p + 20 = 6*p. Give b(p).
-1
Let r = -1152 + 1156. Let t(o) = -2*o**2 - 3*o + 6. Calculate t(r).
-38
Let g(t) be the second derivative of t**8/6720 - t**7/280 - t**6/72 - t**5/40 + 13*t**4/6 - 13*t. Let s(r) be the third derivative of g(r). Calculate s(10).
-3
Let d(y) be the first derivative of -5/3*y**3 + 2*y - 19 - y**2 - 1/4*y**4. Calculate d(-4).
-6
Let w(t) = 7*t**3 - 7*t**2 - 7*t + 15. Let q(s) = 11*s**3 + s + 44 - 21*s**2 + 0*s**3 + 9*s**3 - 21*s. Let r(y) = -6*q(y) + 17*w(y). Calculate r(7).
-2
Let m(v) = 2*v**3 + 3*v**2 - v. Let f be m(2). Suppose 2*c = -2*h + 4*c, 0 = h - 2*c. Suppose f*q - 23*q + 6 = h. Let l(t) = -2*t**2 - 2*t. What is l(q)?
-4
Let s(q) = -5*q**2 - 14*q - 22. Let r(z) = -4*z**2 - 13*z - 19. Let m(t) = -3*r(t) + 2*s(t). Determine m(-6).
19
Let q be (4 - 6)/((-4)/3 - -2). Let p(z) = z**3 + 3*z**2 + 2*z + 2. Let f be p(q). Let l(h) = -h**2 - 4*h + 3. Calculate l(f).
3
Let s(h) = 6*h. Suppose a - 5 = -7. Let l be 2 + (a - 4) + 3. Give s(l).
-6
Let j(x) = 22*x + 29*x + 27*x - 79*x - 1. Let v(r) = -5*r - 16. Let l(i) = -4*j(i) + v(i). Let f be (6/(-2))/(6/20). Give l(f).
-2
Let v(n) = 2*n - 4. Let c be (20/7)/5 - (-135)/21. Give v(c).
10
Let q(l) = 2*l - 3. Let v(z) = 9*z - 9. Let p(j) = -15*q(j) + 3*v(j). Calculate p(8).
-6
Let v(b) be the first derivative of -1/2*b**2 - 5*b + 13. What is v(-7)?
2
Let f(o) be the first derivative of o**2/2 + 12*o + 120. What is f(-6)?
6
Let c(a) = -22*a**3 + 30*a**2 + 15*a - 24. Let o(p) = 5*p**3 - 7*p**2 - 4*p + 6. Let k(j) = 2*c(j) + 9*o(j). What is k(4)?
-2
Suppose -4*t = -h - 33, -t - 5*h + 1 = -2. Let i(b) = 5*b**2 + 11*b + 2. Let s(p) = -8*p**2 - 21*p - 4. Let f(a) = 5*i(a) + 3*s(a). Calculate f(t).
-2
Let x(m) be the first derivative of -7/6*m**3 - 1/2*m**2 - 1/12*m**4 - 2 + m. Let r(v) be the first derivative of x(v). Calculate r(-3).
11
Let g(b) = -b**2 + 9*b + 20. Let k be (8 - (-144)/(-40))/(4/10). What is g(k)?
-2
Let a(z) be the first derivative of -z**2/2 - 8*z - 1. Suppose 12*n = 120 + 360. Suppose 0*j - n = 10*j. Determine a(j).
-4
Let l(a) = 2*a**2 - 12*a - 9. Let z(x) = -3*x**2 + x. Let i(o) = -l(o) - z(o). Determine i(-9).
-9
Let g = -3373/10 + 1689/5. Let b(t) be the second derivative of -4*t - g*t**2 - 17/20*t**5 - 1/3*t**3 - 1/6*t**4 + 0. Calculate b(-1).
16
Suppose 0 = -5*u, c - 16 = -u - 0. Let k(d) = 2*d**3 - 33*d**2 + 18*d - 28. Let q be k(c). Let w(g) = -3*g - 4 + 0 + 6. Determine w(q).
-10
Let l(t) = t**3 - 7*t**2 + 6*t + 4. Let g be (-2)/6 + 15/45. Suppose 6*k = -g*k. Let v = k - -6. Give l(v).
4
Let f be (36/2)/3*1. Let x(q) = 4*q**2 + 13*q + 8. Let k(j) = 5*j**2 + 14*j + 9. Let o = -43 + 49. Let i(r) = o*x(r) - 5*k(r). Give i(f).
15
Let d(m) = -2*m**3 + 2*m**2 + 8*m - 4. Let o(c) = c**2 - c. Let w(f) = d(f) + 6*o(f). Let i be w(4). Let l(z) = z**3 - 3*z**2 - 5*z + 1. Calculate l(i).
-3
Let x be 5/10 - (-33)/(-6). Let q(y) = -1 - 39*y + 7 + 47*y + y**2. Calculate q(x).
-9
Let r(b) = -b**3 + 5*b**2 - 2*b + 4. Suppose 0 = o, -2*i = i + 5*o + 3. Let f be i/3*(-69 + 18). Suppose -4*a + 3*x - 5*x = -28, 3*x = -a + f. Give r(a).
-6
Suppose -47*h + 138 = -50. Let t(g) be the third derivative of 1/6*g**3 + 5/24*g**h + 0 + 1/60*g**5 + 0*g + 7*g**2. Give t(-5).
1
Let j(p) = -p**2 - p - 1. Let q(n) = -17*n**2 - 16*n - 31. Let o(z) = 11*z**2 + 11*z + 21. Let t(a) = 7*o(a) + 5*q(a). Let m(g) = -6*j(g) + t(g). What is m(2)?
-4
Suppose 8*a - 506 + 514 = 0. Let m(h) = 15*h**2 - 4*h**2 + h + 5*h**2. Determine m(a).
15
Let v(z) = -z**2 + z + 9. Let u(n) = -2*n**2 + 2*n + 18. Let j(q) = 3*u(q) - 5*v(q). Suppose -2 = 8*x - 7*x. Let g be x + 2 + (4 - 4). Calculate j(g).
9
Let o(q) = 6*q**3 + 12*q**2 - 2. Let d(r) = 5*r**3 + 11*r**2 - 1. Let y(j) = -7*d(j) + 6*o(j). Let k = -42 + 47. Give y(k).
-5
Let s(a) = 9*a + 3. Let p(z) = -1 + 3 - 3. Let f(n) = -2*p(n) - s(n). Let x = -127 - -126. Give f(x).
8
Suppose 0 = -o - o. Let h = -32 + 41. Suppose 2*u + h = r + u, 4*u + 8 = o. Let s(p) = p**2 - 7*p + 4. Determine s(r).
4
Suppose 3 = f + 4*m - 10, 13 = -3*f + m. Let k(x) be the second derivative of -x**5/20 - x**4/3 - 2*x**3/3 + x**2/2 + 71*x. Determine k(f).
4
Let b be -3 + 7 + (-16)/4. Suppose b = -v + 189 - 187. Let q(f) = f**2 + 1. Determine q(v).
5
Let l(n) = -n**3 + 14*n**2 - 11*n - 19. Let w be l(13). Let c(p) = 1 - 11*p + 5*p + w*p. Determine c(-7).
-6
Let d(h) = -h**2 - 2*h + 3. Suppose -4*k = 5*g + k - 30, -5*g + k + 12 = 0. Let s be (-3 + 11/g)*-6. Determine d(s).
-5
Let j(g) = g**2 + 17*g + 21. Let c be j(-16). Suppose 0*z = 4*z + 5*t - 13, -35 = c*z - 4*t. Let u(a) = -a**2 - 3*a + 1. Determine u(z).
1
Suppose q + 79 = -2*a, -3*q + 2*a - 379 = -102. Let r = q + 98. Let l(d) = -2*d + 7. Give l(r).
-11
Let n(l) = -10*l**3 + l**2 - l. Let y = 14 + -16. Let z be (9 + -6)/((-2)/y). Let c be (z/6)/((-2)/(-4)). Determine n(c).
-10
Let z(o) = o. Let w(u) = -7*u. Let t = 13 + -8. Let p(h) = t*z(h) + w(h). Give p(-1).
2
Let p(d) = -d**3 + 4*d**2 + 7*d - 4. Let i be -6*13/(52/24). Let w = i - -41. Give p(w).
6
Suppose i + 12 = 5*i. Let w(q) = -i*q**2 + 0*q**3 - 5 + q**3 + q + 8*q**2 + 2*q. What is w(-5)?
-20
Let h(t) = t**2 + 5*t + 5. Let u be h(-5). Suppose 3*s + 8 = -n, n - 2*s - 2 - u = 0. Let r(k) = k**2 - k + 1. Calculate r(n).
1
Let w(x) = -x**3 + x**2 + x - 12. Let c(y) = y + 15. Let f be c(-15). Suppose 4*d - z + 8 = z, f = -4*z + 16. What is w(d)?
-12
Let u(b) be the first derivative of -b**3/3 - 3*b**2/2 + 5*b + 31. Suppose -5*n - 15 = 0, 5*r + 4*n + 55 = -n. Let f = r + 4. Determine u(f).
1
Let j(o) be the second derivative of -o**5/20 + 3*o**4/4 + o**3/2 - o**2 - 178*o - 1. What is j(9)?
25
Let o = 69 + -64. Let a(i) = -5*i**3 - 12*i**2 + 15*i - 5. Let n(x) = 2*x**3 + 6*x**2 - 7*x + 3. Let m(r) = -3*a(r) - 7*n(r). Give m(o).
-11
Let s(h) be the second derivative of -2*h**5/5 - h**4/12 + h**3/6 + h**2/2 - 3*h. Let g(d) = -d**2 - 2*d - 10. Let q be g(0). Let a = q - -9. What is s(a)?
7
Let o = -68 - -66. Let w be (2*(-4)/(-12))/(o/18). Let b(m) = 3*m**2 + 8*m + 4. Let p(h) = 4*h**2 + 9*h + 3. Let k(j) = 3*b(j) - 2*p(j). Calculate k(w).
6
Let f(k) = 3*k**3 + 5*k**2 + 20*k - 1. Let w(g) = 4*g**3 + 8*g**2 + 29*g - 1. Let z(r) = -7*f(r) + 5*w(r). What is z(6)?
-4
Let n(m) = -13*m + 13. Let r(t) = t + 1. Let s(q) = n(q) + 6*r(q). Let y be s(3). Let o(j) = -2*j**2 + 3*j + 2. Give o(y).
-12
Let y(d) = -d**3 - 2*d**2 - 2*d - 1. Let r = -33 + 35. Suppose r*c + 4*v + 14 = 0, -11 = -6*c + 2*c + 5*v. Determine y(c).
0
Let q(u) = u + 3. Suppose 4*c + 1 = -s + 12, 16 = 2*s + 2*c. Suppose 4*d + 5*w = 22, 0 = -d - 0*w + 5*w - s. What is q(d)?
6
Suppose 4*z + 6*g = 10*g + 48, 0 = z - 3*g - 14. Let q(o) = -o**3 + 11*o**2 - 13. Give q(z).
-13
Let y(v) be the first derivative of v**4/4 + 17*v**3/3 - 19*v**2/2 - 18*v + 321. Give y(-18).
0
Let h(w) = -w - 4. Suppose 4*c = -3*v + 9, -c - 2*v + 7 = 1. Suppose z - 4*y = -9, 5*z - 3*y + y + 45 = c. Let l(k) = k + 9. Let d be l(z). What is h(d)?
-4
Let w(h) = -h**3 + 3*h**2 + 2*h - 3. Let f be (4*6/(-72))/(1/(-9)). Suppose 0 = r, -2*z + f*r - r = -6. Calculate w(z).
3
Let m(r) = -378*r**2 + 369*r**2 - 9*r - 2*r**3 - 2*r**3 + 3*r**3 - 15. What is m(-8)?
-7
Let q(c) = -c**2 - 3*c + 1. Let j(w) be the third derivative of w**5/30 + 5*w**4/24 - w**3/2 + 7*w**2. Let l